vided by 33.
30
Let w(p) = p**3 + 10*p**2 - 27*p - 29. Let r be w(-12). What is the remainder when 44 is divided by r/((-7)/(-4)) + (1 - -11)?
12
Let f = 3 + 2. Suppose -a = -2*a + f. Suppose -a*x = -0*h - 2*h + 37, 0 = 5*h - 4*x - 50. Calculate the remainder when 22 is divided by h.
4
Suppose 3*w - 5*o + 6 = 26, w = -4*o + 18. Suppose 5*v + 142 = 4*n, -2*v = -2*n + 2*v + 68. What is the remainder when n is divided by w?
8
Let x = 54 - -23. Suppose 2*z - 4*k - 122 = -3*z, 8 = 4*k. What is the remainder when x is divided by z?
25
Let o(q) = 2*q**3 - 3*q**2 - 4*q. What is the remainder when 317 is divided by o(4)?
61
Suppose 260 = 2*s - q + 5*q, -142 = -s - 5*q. Calculate the remainder when s is divided by 25.
22
Let x be ((-24)/9 - -3)*-69. Calculate the remainder when 722/6 - (-7)/(x - -2) is divided by 41.
38
Let x(t) = t**3 + 12*t**2 + 26*t - 5. Suppose 4*a - 2*n = 62, -38 = -a + 6*n - n. Calculate the remainder when a is divided by x(-9).
1
Suppose -4 = -4*d - 3*u + 5*u, 0 = -4*u + 8. Let c(p) = 2*p**2 + p - 1. What is the remainder when c(1) is divided by d?
0
Suppose m - 26 = 17. Suppose m = 5*d - 62. What is the remainder when d is divided by 5 - (-33)/(-7) - (-75)/7?
10
Let g(w) = 3*w**2 + 8*w + 5. Suppose 3*n - 2*h + 21 = 0, -n - 2*n + h = 18. What is the remainder when g(n) is divided by (15 - 11)/(-8)*-28?
12
Let a = 66 + -44. Calculate the remainder when a is divided by -3 + (-104)/(-10) + (260/50)/(-13).
1
Let i(t) = -t**3 - 4*t**2 - t - 1. Let q be i(-4). Suppose z + 5*o = 11, -2*z + q*o + 6 = -3. What is the remainder when 79 is divided by 54/(-5)*(-15)/z?
25
Let o = 201 - 179. What is the remainder when o is divided by 3?
1
Suppose -2*o - 10 = -4*u + 22, -29 = -3*u - o. Suppose -11*d = -u*d - 134. What is the remainder when d is divided by 4?
3
Let w be (5 + 3)/(-1 - -3). Suppose 3*u - w*z = -5*z + 218, 2*z = 2*u - 156. What is the remainder when u is divided by 24 + ((-5)/(-25))/((-6)/(-30))?
24
Suppose -u + 4*u - 27 = 0. Suppose -67 + 220 = u*p. What is the remainder when 67 is divided by p?
16
Suppose -5*g + z + 17 = 5, 15 = 5*z. What is the remainder when 31 is divided by (-3*(-1)/6)/(g/102)?
14
Let r be (-63)/(2 - (-10)/(-6)). Let f be (-274 + (-2)/2)*(-8)/(-20). Let y = f - r. Calculate the remainder when y is divided by 20.
19
Suppose 8*f - 13*f + 781 = 3*g, 4*f - 620 = -4*g. Calculate the remainder when f is divided by 54.
50
Let z = -772 - -796. Let a be ((-90)/21)/((-1)/7). Suppose -a - 40 = -n. Calculate the remainder when n is divided by z.
22
Suppose 60 = -m - 5*m. Calculate the remainder when 13 is divided by (-10 + 7)*m/6.
3
Suppose -119*l = -113*l - 210. Calculate the remainder when 208 is divided by l.
33
Let l(r) = -r**2 - 60*r - 804. What is the remainder when l(-21) is divided by 10?
5
Suppose -6*c - 155 = -11*c. Suppose -2*h - 9 + c = 0. What is the remainder when (48/4)/(4/14) is divided by h?
9
Suppose -2*o + f - 199 = 0, 3*o - 3*f = -6*f - 294. Let m(v) = 23*v. Let s be m(-2). Let y = s - o. What is the remainder when y is divided by 14?
11
Let f = 187 + -172. What is the remainder when 343 is divided by f?
13
Suppose 7*u - 10*u + 114 = 0. Let t(d) = 4 - 17 + 2 - 5*d. Calculate the remainder when u is divided by t(-5).
10
Let d = -906 + 932. Calculate the remainder when 206 is divided by d.
24
Let g be (-2)/5 + (-22)/(-5) - 3. Suppose -3*s = -34 + g. What is the remainder when 18 is divided by s?
7
What is the remainder when 305 is divided by ((-15)/2)/3*2016/(-840)?
5
Let l(i) = 14*i - i + 20*i - 4 + 9. What is the remainder when l(2) is divided by 25?
21
Let h(b) = b**3 + 32*b**2 - 5*b - 154. Calculate the remainder when 8 is divided by h(-32).
2
Suppose 118*t + 40 = 123*t. What is the remainder when (-20)/130 + (-810)/(-26) is divided by t?
7
Suppose -7*u + 21 = 168. Let i = u - -40. Suppose -p + 3 = 0, -146 = -4*w + 2*p - 4*p. Calculate the remainder when w is divided by i.
16
Let g be (1 + -1)/((-2 - 3)/(-5)). Suppose 17*r - 4*r - 949 = g. Calculate the remainder when r is divided by 37.
36
Suppose s = u - 227, -u - u + 5*s + 442 = 0. What is the remainder when u is divided by 29?
28
Suppose x + 8150 = 11*x. What is the remainder when x is divided by 51?
50
Suppose 3*m + 12 = 6*m. Let f(s) = 7*s - 15. What is the remainder when 36 is divided by f(m)?
10
Suppose -c = 5*l + 12, 4*c - 37 = -3*l - 153. Let x = 40 + c. Calculate the remainder when 61 is divided by x.
5
Suppose -10*m = -2*m - 392. Let n = -44 + m. What is the remainder when n is divided by 2?
1
Suppose 0 = 7*p + 61 - 208. Suppose 5 - p = -m. What is the remainder when 92 is divided by m?
12
Suppose 225 = x + 7*o - 10*o, -2*x + 451 = -5*o. Calculate the remainder when x is divided by 60.
48
Let n be 13 - 23 - 0/2. Let b(y) = -3*y - 25. What is the remainder when 14 is divided by b(n)?
4
Suppose 5*y = -m + 4 + 6, -5*m - 22 = y. Suppose 0 = t - 2*x - y, -t + 0 = -x - 4. What is the remainder when 0 - -9 - (1 - 4) is divided by t?
2
Let v = -121 + 137. What is the remainder when 46 is divided by v?
14
Let y(d) be the second derivative of d**5/20 + 4*d**4/3 - 2*d**3/3 - 25*d**2/2 - 18*d. Calculate the remainder when 154 is divided by y(-16).
37
Suppose -1430 + 535 = -5*d - 5*j, 761 = 4*d - 5*j. Suppose 9*o - d = o. What is the remainder when 66 is divided by o?
20
Let x be 9*(-1)/(-6)*-2. What is the remainder when 21 is divided by ((-1)/(-3))/(x/(-99))?
10
Let l = -1098 - -1358. Calculate the remainder when l is divided by 91.
78
Suppose 2*h = -16 + 96. Suppose 0 = -2*l + h + 8. Let a = l - 18. Calculate the remainder when 15 is divided by a.
3
Suppose -14*o + 19*o = 190. Let g = -11 + 21. What is the remainder when o is divided by g?
8
Let m = 153 - 219. Let t = 42 + m. Let b = 44 - t. What is the remainder when b is divided by 24?
20
Suppose 3*i + 26 = o + 4*o, -3*o = -4*i - 20. What is the remainder when 193 is divided by (2*-4)/(i/4) + -2?
11
Let q(s) = -s**3 + 13*s**2 + 3. Let r be q(13). Suppose 5*m = -25, 0 = -2*k + m - r*m + 94. What is the remainder when k is divided by 5?
2
Let q = 807 - 713. Calculate the remainder when 275 is divided by q.
87
Let l = 29 - 5. What is the remainder when 58 is divided by 16/l*4/(16/90)?
13
Suppose 2*u = u + 40. Let s = u + -25. Let l(b) = -13*b + 4. Calculate the remainder when l(-3) is divided by s.
13
Suppose 134 = -34*j + 35*j. What is the remainder when j is divided by 34?
32
Let y be -6*(-3)/(-9)*3. What is the remainder when -9*(8/y)/4 is divided by 1 + 0 - (-5 - 25/(-5))?
0
Suppose 0 = -4*f - 2*h + 16, h = 4*f - h. Suppose 55 = f*r - 13. Calculate the remainder when r is divided by 10.
4
Suppose h + 18 = 5*c - 0*h, -2*h = 6. Calculate the remainder when 39 is divided by c.
0
Let a(w) = -43*w + 80*w + 27 - 36*w. Calculate the remainder when 53 is divided by a(-16).
9
Let w = -699 + 1146. Calculate the remainder when w is divided by 118.
93
Let m = -94 + 99. What is the remainder when 107 is divided by m?
2
Calculate the remainder when 491 - (-13)/((-39)/(-30)) is divided by 42.
39
Let k = -266 - -264. Let c be ((-3)/4)/((-1)/48). Calculate the remainder when 16 is divided by (c/10)/(k/(-5)).
7
Suppose -43*d + 280 = -41*d. What is the remainder when d is divided by 48?
44
Suppose 4*y + 2*z = 32, -y + 2*z + 15 = -z. Calculate the remainder when 199/6 + 7/(-42) is divided by y.
6
Suppose -4*w + 19 = -5. Let t(z) = -z**2 + 8*z - 1. Calculate the remainder when 15 is divided by t(w).
4
Suppose -38*j = -30*j - 656. Calculate the remainder when j is divided by 21.
19
Let u be 6 - (-3 - -2) - 3. Suppose 3*v - u*v = 0. Suppose v = k, -k - 45 = -3*y + 6. What is the remainder when y is divided by 5?
2
Suppose 95*b - 65 = 94*b. Let p = b + -45. What is the remainder when p is divided by 4?
0
Suppose -3*d - 2*d = 25, -811 = -4*f - d. What is the remainder when f is divided by 35?
29
Suppose -12*g + 125 = -139. Calculate the remainder when 392 is divided by g.
18
Let h = 559 - 419. What is the remainder when h is divided by 13?
10
Let h be (-3)/((-3)/1) + 0. Suppose -c = -2*c + h. What is the remainder when c is divided by 1?
0
Suppose 5*n - 3*j = 7*n - 40, j = 2*n - 24. What is the remainder when 59 is divided by n?
3
Suppose 0 = -2*o - 4, -2*z - 5*o = -3*o - 226. Suppose 0 = 126*h - 92*h - 1020. Calcu